vide m?
False
Suppose 2*f - 5*r = -233, 5*f + 560 = -2*r + 7*r. Let q = -60 - f. Does 7 divide q?
True
Let k = 5078 + -2934. Does 18 divide k?
False
Let f(a) = 3*a**2 - 5*a - 41. Does 43 divide f(15)?
True
Does 12 divide 6*-108*5/((-80)/8)?
True
Let i = 35 + -33. Suppose -9 = i*g - 57. Is g a multiple of 8?
True
Does 20 divide (-35)/(-1 + -6) - -175?
True
Let s(v) = -v**3 - 5*v**2 - 4*v + 3. Let j be s(-4). Let a = 1 - -2. Let n = j + a. Is n a multiple of 3?
True
Suppose -2*q - 28 + 232 = 0. Suppose n - q = -23. Suppose 0*m - n = -4*f + 3*m, 3*f - 33 = -3*m. Does 8 divide f?
True
Is 38 a factor of 3645/7 - (-12)/(-42)*-1?
False
Let d(k) = -10*k**3 + 4*k**2 - k - 3. Let u be d(-3). Let v be ((-4)/12)/((-3)/u). Suppose 0 = x + 3*o - 18, -x + o + v = -0*o. Is 30 a factor of x?
True
Let l(m) = 312*m**3 + m - 2. Does 17 divide l(1)?
False
Let p = -281 - -441. Is 5 a factor of p?
True
Suppose -2*l - 2*f - 22 = 0, -18 = 3*l - 2*f + 20. Does 19 divide 35/2 - l/8?
True
Let n = 3423 + -2352. Is n a multiple of 21?
True
Let c be 1/4 - 2090/8. Let q = -451 - -270. Let s = q - c. Does 16 divide s?
True
Let w(z) = -z - 12. Is 11 a factor of w(-43)?
False
Let s be ((-6)/(-3))/((-7)/(-70)). Suppose -2*o + 3*q + s = 0, o = -2*o + 2*q + 30. Does 2 divide o?
True
Let q(u) = 4*u - 26. Let j be q(8). Suppose -4*v + 4*p = j*p - 142, 4*p + 4 = 0. Is v a multiple of 18?
True
Suppose -3*h + 14 = -1. Suppose -h*w = -140 + 10. Is w a multiple of 13?
True
Let n(t) be the third derivative of -t**6/24 + 7*t**5/30 - 5*t**4/12 + 2*t**2. Let g(u) = u**3 - u**2 + 1. Let y(w) = -4*g(w) - n(w). Does 5 divide y(9)?
True
Does 13 divide 15/20*44/(-12)*-180?
False
Suppose 54*c = 63*c - 16254. Is 42 a factor of c?
True
Suppose -3*t - 31*j + 2184 = -34*j, 2*j = 3*t - 2185. Is 27 a factor of t?
True
Let u(a) = -2*a - 2*a + 3*a + 2. Let i be u(-1). Suppose i*s - 284 + 39 = -5*y, 5*y = -25. Is 16 a factor of s?
False
Let k = -26 - -26. Suppose -17 = -c + m, -4*c + 0*m + 5*m + 72 = k. Is 13 a factor of c?
True
Let o(l) = -l**3 - 3*l**2 + 12*l - 65. Does 13 divide o(-13)?
True
Does 43 divide 94 + (2 - 5) + -5?
True
Let i(u) be the third derivative of -5*u**4/6 + 5*u**3/6 + 8*u**2. Let k be i(-4). Suppose -4*n + k + 67 = 0. Is n a multiple of 6?
False
Suppose 3*i + 15 = 0, -5*r + 2*r - 9*i + 1713 = 0. Is 35 a factor of r?
False
Let p(m) = 7*m - 187. Let s(h) = 3*h - 94. Let o(g) = 2*p(g) - 5*s(g). Does 23 divide o(0)?
False
Let d = -333 - -710. Is 20 a factor of d?
False
Suppose 2*l = 17 + 27. Suppose 0 = 4*i - 2*x - 18, 0 = 3*i - 3*x + 1 - l. Suppose 4*k - 49 = -z, 0 = -k - 3*k - i*z + 50. Is k a multiple of 4?
True
Suppose 8*u - 3*u - 3*m = 33, 2*u - 9 = -3*m. Let d(g) = 4*g + 6. Let a be d(12). Suppose u*s - 2*s = 2*n - a, n - 3*s - 32 = 0. Does 9 divide n?
False
Suppose 12 = y + 2*y. Let a be ((-10)/6)/(2/(-6)). Suppose -a*t - y = -v, 2*v = -2*t + 4*t + 8. Does 3 divide v?
False
Let b(k) = k**3 - 11*k**2 + 10*k + 4. Let l(t) = 5*t + 5. Let p be l(-2). Let g = p - -15. Does 2 divide b(g)?
True
Let x(j) = -j - 4. Let z be x(-4). Suppose z + 3 = -r. Is 21 a factor of 43/1 - (r - 0)?
False
Let q(f) = 36*f - 17. Let l be q(8). Suppose -4*c = -5 - l. Is c a multiple of 23?
True
Let m(l) = l**2 - 28. Let n be m(12). Suppose -1106 = -4*r - 2*u, 1257 - n = 4*r - 5*u. Is 31 a factor of r?
True
Let n = 1021 - 776. Does 4 divide n?
False
Let b(n) = n**3 + 2*n + 1. Let d(k) = 3*k**3 + 5*k + 3. Let m(r) = -15*b(r) + 6*d(r). Let a(l) be the first derivative of m(l). Does 2 divide a(-1)?
False
Let j(g) = 4*g. Let q be j(3). Suppose -2*s - 4 = q. Does 17 divide (-330)/s + 2/(-8)?
False
Let n(d) = -2*d - 5. Let h be n(-4). Suppose i - h*i = -4*z - 130, 3*z + 90 = 3*i. Does 35 divide z/15*-4*15?
True
Let m(n) = -n**3 + 3*n**2 + 6*n - 3. Let y(s) = 2*s**2 + 2*s. Let d be y(-2). Let h be m(d). Suppose 5 = 2*t + h*r, t - 4 = -0*t - 2*r. Does 5 divide t?
True
Suppose 0 = 13*q - 15*q - 6. Does 18 divide (q - (-392)/10) + 2/(-10)?
True
Suppose 0 = -7*d + 4447 + 3316. Is d a multiple of 20?
False
Let r(h) = h - 8. Let g be r(17). Suppose -a = 4*f + 2*a - 32, -g = f + 5*a. Does 9 divide f?
False
Is 5 a factor of (-42)/(((-26)/195)/((-2)/(-3)))?
True
Let f be ((-6249)/(-45) - 2/(-15))/1. Suppose -2*l + 48 = 3*p, -5*l - p = -3*p - f. Does 27 divide l?
True
Suppose -5*m - 20 = 0, -w - 5*m - 11 = 10. Does 10 divide 8 + 145 + w*(-1 + 1)?
False
Let a(z) = -5*z**2 + 4*z - 29. Let o(l) = 3*l**2 - 3*l + 19. Let r(x) = -5*a(x) - 8*o(x). Let m be r(3). Is 10 a factor of m/(-4)*240/(-84)?
True
Suppose 3*m - 5*d - 29 + 6 = 0, -3*d = 2*m - 9. Suppose 170 = -4*i + m*i. Does 7 divide i?
False
Suppose 5*n = -2*n + 14. Let t = n - -3. Suppose t*l - 341 = 79. Is 14 a factor of l?
True
Does 124 divide 50/(-50)*(-2 + -1982)?
True
Let d be (8/(-12))/(5/(-150)). Suppose -2*m + 5*x + 92 = 0, m + d = x + 63. Is 8 a factor of m?
False
Is 28 a factor of (-1950)/(-16) + 20/160?
False
Let x(l) = -l + 9. Let h be x(6). Suppose 4*o - h*c - 21 = -4*c, 5*o - 23 = 2*c. Suppose -i + o = -5*k, 0 = 4*i - 2*k - 2*k - 68. Is 15 a factor of i?
False
Let b = 1531 - 791. Is 10 a factor of b?
True
Suppose -5*p + 12174 = 2*s, -24*p + 27*p - 7296 = 3*s. Is 105 a factor of p?
False
Suppose 12 = -4*z - 3*s, -5*z + 3*s = 2*s - 4. Suppose z*l + 33 = 4*o - 5*l, -o + 9 = -2*l. Is 5 a factor of o?
False
Let u(c) = 3*c**2 + 4. Let y be (-2)/(-9) - (-328)/(-18). Let x = y - -16. Is u(x) a multiple of 15?
False
Let t be (-2 - 74/4)*-2. Let h = t - -98. Does 21 divide h?
False
Let o(g) be the third derivative of -g**6/120 + 7*g**5/60 + 7*g**4/24 + 5*g**3/3 + g**2. Let w be o(8). Is 10 a factor of (4/8)/(w/120)?
True
Let d = -1490 + 2205. Suppose -47*c - d = -52*c. Is 10 a factor of c?
False
Let o be (-1 - 3)/4*-11. Let p(t) = t**3 - 12*t**2 + 11*t + 3. Let i be p(o). Suppose 75 = i*k - 3*j, 6*k + 4*j - 26 = 4*k. Is k a multiple of 7?
True
Suppose -2*y + 1146 = 3*b, -7 = -y - 4. Suppose -b = 10*z - 14*z. Let x = 143 - z. Is x a multiple of 14?
False
Let j(z) = 266*z**2 + z + 1. Suppose 5*t - 5 = -4*v - 12, 0 = -2*t + 5*v + 17. Does 31 divide j(t)?
False
Let l(v) = 7*v**3 - 17*v**2 + 39*v - 261. Is 5 a factor of l(7)?
True
Let q = -26 + 20. Let d(b) = b**3 + 7*b**2 + 4*b - 7. Let c be d(q). Suppose -4 - 6 = -2*k, 0 = c*s - 5*k - 365. Is s a multiple of 15?
False
Let w be (38/(-10) - -3)*-5. Suppose w*d = 5*d - 21. Is 28 a factor of 28/d + (-248)/(-3)?
True
Let o(w) = -w**3 + 31*w**2 - 2*w - 65. Is 31 a factor of o(30)?
True
Let o(b) = b + 9. Let d(i) = -2*i - 18. Let w(v) = 4*d(v) + 9*o(v). Let z be w(-9). Is (2 + -41)*(z + -1) a multiple of 22?
False
Let y(v) = -v**2 - v. Let g be y(-1). Let c be 2/((-6)/(-129)) + g. Let q = -4 + c. Is q a multiple of 13?
True
Suppose 4*u - 2902 - 150 = 0. Does 28 divide u?
False
Suppose 0 = d + 2*d - 3*z + 360, -5*d - 4*z = 600. Let c be d/18*(-48)/5. Suppose 4 = -5*s + c. Is 6 a factor of s?
True
Does 12 divide 2/(-7) - 1850/(-7)?
True
Let z(g) = -3*g**2 + 7*g - 5. Let v be z(2). Does 14 divide -5*v/(30/44)?
False
Suppose -11248 = -67*z + 51*z. Is 10 a factor of z?
False
Does 11 divide 6/10 - -6*(-135)/(-25)?
True
Suppose -p + 894 = -4*o, 6*p - 3*o - 2655 = 3*p. Does 49 divide p?
True
Let b(w) = 2*w**2 - 3*w - 4. Let z be b(3). Let q(s) = s**2 - 6*s + 7. Let t be q(z). Suppose c - 7 = -4*a, -3*c + 2*c = t*a - 9. Does 11 divide c?
True
Is 22658/6 + 258/387 a multiple of 74?
False
Let f(j) = -j**3 + 31*j**2 + 36*j - 98. Does 17 divide f(30)?
False
Let s = 28 + -17. Let x = s + -7. Suppose -q = -x*l, 0 = 5*q - 4*q + 2*l - 24. Does 8 divide q?
True
Suppose 0 = 6*l - 10*l - 4*v + 2000, 4*l - v - 2020 = 0. Does 18 divide l?
True
Let q(v) = v**2 + 7*v - 39. Is q(8) a multiple of 9?
True
Suppose -866 = -5*b - 16. Suppose b = 5*a + 4*r, 2*r - 6*r + 110 = 3*a. Is 14 a factor of a?
False
Let d(s) = s**3 - 12*s**2 - s - 4. Does 22 divide d(14)?
True
Suppose 0 = -267*k + 259*k + 3872. Is k a multiple of 22?
True
Is 3 a factor of (5 - (-72)/(-16))*90?
True
Suppose 0 = 4*i + 38 + 2. Is 16 a factor of (1 + (-22)/i)/((-1)/(-5))?
True
Suppose -2*k + 152 = 6*k. Suppose 4*j - 109 = -3*t + k, 5*t = 3*j - 96. Does 16 divide j?
True
Suppose 3*t - 4*b = -2*t - 4, 4*t = -4*b + 4. Suppose -5*a - 3*j + 738 = -13, t = 2*a + 3*j - 295. Is a a multiple of 1